 70.
5
Calculate the greatest common divisor of 18419 and 339.
113
Calculate the greatest common divisor of 3363 and 684.
57
What is the highest common divisor of 28 and 6230?
14
Calculate the highest common divisor of 14 and 574.
14
What is the highest common factor of 44 and 6644?
44
What is the highest common factor of 10 and 4?
2
What is the greatest common factor of 2103 and 3?
3
Calculate the greatest common factor of 22 and 11.
11
Calculate the greatest common factor of 126 and 2786.
14
What is the highest common factor of 190 and 40?
10
Calculate the greatest common factor of 38 and 19.
19
What is the greatest common divisor of 20378 and 46?
46
What is the highest common factor of 168 and 112?
56
What is the highest common factor of 420 and 84?
84
Calculate the highest common factor of 26 and 598.
26
Calculate the greatest common factor of 12 and 84.
12
What is the greatest common divisor of 5552 and 16?
16
Calculate the highest common factor of 354 and 1475.
59
What is the greatest common divisor of 89 and 356?
89
Calculate the greatest common factor of 608 and 8.
8
What is the highest common factor of 104 and 78?
26
Calculate the greatest common factor of 27 and 1629.
9
What is the greatest common factor of 849 and 22357?
283
Calculate the greatest common divisor of 1078 and 392.
98
Calculate the greatest common factor of 120 and 3936.
24
Calculate the highest common factor of 32 and 6.
2
What is the greatest common factor of 9 and 72?
9
Calculate the greatest common divisor of 236 and 1475.
59
Calculate the greatest common divisor of 1494 and 90.
18
What is the greatest common factor of 868 and 140?
28
Calculate the greatest common divisor of 132 and 858.
66
Calculate the highest common divisor of 165 and 7380.
15
What is the greatest common factor of 3474 and 12?
6
Calculate the highest common factor of 61 and 33001.
61
What is the greatest common divisor of 36170 and 10?
10
What is the greatest common factor of 192 and 288?
96
What is the greatest common divisor of 198 and 1034?
22
Calculate the highest common factor of 124 and 155.
31
What is the greatest common factor of 25 and 765?
5
Calculate the greatest common divisor of 702 and 286.
26
What is the greatest common divisor of 140 and 230?
10
What is the highest common divisor of 72 and 264?
24
Calculate the highest common factor of 74 and 333.
37
What is the highest common factor of 96 and 726?
6
Calculate the highest common divisor of 8910 and 180.
90
Calculate the highest common divisor of 5 and 66495.
5
Calculate the highest common divisor of 1508 and 104.
52
What is the greatest common divisor of 52 and 650?
26
Calculate the highest common factor of 292 and 219.
73
Calculate the highest common divisor of 188 and 52.
4
What is the greatest common factor of 48 and 80?
16
Calculate the greatest common factor of 679 and 388.
97
What is the greatest common divisor of 84216 and 48?
24
What is the highest common factor of 77 and 539?
77
Calculate the greatest common divisor of 2568 and 240.
24
Calculate the greatest common divisor of 125 and 50.
25
What is the greatest common divisor of 41300 and 236?
236
What is the greatest common factor of 408 and 51?
51
Calculate the highest common factor of 156 and 12.
12
Calculate the highest common divisor of 132 and 708.
12
What is the highest common factor of 3484 and 91?
13
Calculate the greatest common factor of 35 and 238.
7
Calculate the greatest common divisor of 162 and 2.
2
Calculate the greatest common divisor of 25 and 355.
5
Calculate the greatest common divisor of 918 and 34.
34
Calculate the highest common divisor of 2829 and 69.
69
What is the greatest common divisor of 2555 and 98?
7
Calculate the greatest common factor of 1290 and 1677.
129
Calculate the highest common factor of 58 and 58.
58
What is the greatest common factor of 64 and 18?
2
What is the greatest common divisor of 21 and 1351?
7
What is the highest common divisor of 344 and 16?
8
Calculate the greatest common divisor of 164 and 5494.
82
Calculate the greatest common divisor of 6304 and 128.
32
What is the highest common factor of 1525 and 50?
25
Calculate the highest common factor of 646 and 68.
34
Calculate the highest common divisor of 220 and 4345.
55
Calculate the greatest common divisor of 195 and 221.
13
What is the highest common factor of 117 and 261?
9
What is the highest common divisor of 4862 and 4114?
374
What is the greatest common factor of 490 and 70?
70
Calculate the highest common factor of 1168 and 219.
73
Calculate the greatest common factor of 2128 and 112.
112
What is the highest common divisor of 192 and 33?
3
Calculate the greatest common divisor of 11 and 649.
11
What is the highest common divisor of 18 and 1089?
9
Calculate the highest common factor of 801 and 623.
89
What is the highest common divisor of 18685 and 185?
185
What is the highest common divisor of 80 and 31120?
80
Calculate the highest common divisor of 156 and 36.
12
Calculate the greatest common factor of 15 and 4560.
15
What is the greatest common divisor of 975 and 11115?
195
Calculate the highest common factor of 16 and 5552.
16
What is the highest common factor of 61 and 8357?
61
Calculate the greatest common divisor of 330 and 1518.
66
What is the highest common factor of 78 and 975?
39
What is the highest common factor of 798 and 912?
114
Calculate the greatest common divisor of 76 and 4.
4
What is the greatest common factor of 8195 and 110?
55
Calculate the greatest common factor of 3190 and 11.
11
Calculate the greatest common divisor of 16 and 242.
2
Calculate the highest common factor of 308 and 176.
44
Calculate the greatest common divisor of 44 and 165.
11
What is the greatest common divisor of 812 and 84?
28
What is the greatest common factor of 27 and 21?
3
Calculate the highest common divisor of 69 and 1725.
69
Calculate the greatest common divisor of 4042 and 1462.
86
What is the greatest common factor of 13 and 247?
13
Calculate the highest common factor of 250 and 860.
10
Calculate the highest common divisor of 1 and 17.
1
Calculate the highest common divisor of 87 and 232.
29
Calculate the greatest common factor of 6 and 80.
2
What is the greatest common factor of 102 and 66?
6
What is the greatest common factor of 832 and 234?
26
Calculate the greatest common factor of 36 and 318.
6
Calculate the greatest common divisor of 53 and 1431.
53
What is the greatest common factor of 74 and 17686?
74
What is the greatest common factor of 8359 and 52?
13
What is the highest common divisor of 135 and 60?
15
Calculate the greatest common factor of 708 and 12.
12
What is the highest common divisor of 10 and 3730?
10
What is the greatest common divisor of 44356 and 52?
52
Calculate the greatest common factor of 231 and 1617.
231
What is the highest common factor of 24 and 320?
8
Calculate the greatest common divisor of 12 and 1164.
12
Calculate the greatest common divisor of 1197 and 84.
21
What is the highest common divisor of 198 and 1518?
66
Calculate the greatest common factor of 2786 and 98.
14
What is the highest common factor of 16 and 38?
2
Calculate the greatest common divisor of 264 and 568.
8
Calculate the highest common divisor of 1863 and 3933.
207
Calculate the greatest common factor of 10 and 2690.
10
What is the highest common divisor of 21 and 4053?
21
Calculate the highest common divisor of 3116 and 380.
76
Calculate the greatest common divisor of 21 and 3.
3
Calculate the highest common divisor of 1783 and 1.
1
Calculate the highest common factor of 7 and 546.
7
Calculate the greatest common factor of 715 and 2002.
143
Calculate the greatest common divisor of 265 and 74465.
265
What is the highest common factor of 12625 and 101?
101
Calculate the greatest common factor of 111 and 37.
37
What is the highest common divisor of 56 and 2744?
56
What is the highest common divisor of 1608 and 120?
24
What is the greatest common factor of 3534 and 570?
114
What is the greatest common divisor of 3 and 321?
3
Calculate the greatest common divisor of 78 and 37986.
78
What is the greatest common factor of 286 and 22?
22
Calculate the highest common factor of 120 and 160.
40
What is the greatest common divisor of 7248 and 144?
48
What is the great